{"id":3779,"date":"2025-12-08T16:56:16","date_gmt":"2025-12-08T15:56:16","guid":{"rendered":"https:\/\/hdnfamillesgenealogie.fr\/?page_id=3779"},"modified":"2025-12-08T16:56:16","modified_gmt":"2025-12-08T15:56:16","slug":"vu-dans-la-presse","status":"publish","type":"page","link":"https:\/\/hdnfamillesgenealogie.fr\/index.php\/vu-dans-la-presse\/","title":{"rendered":"Vu dans la presse"},"content":{"rendered":"\n<p>Retours de la presse locale et r\u00e9gionale sur mes activit\u00e9s de g\u00e9n\u00e9alogiste, mes conf\u00e9rences et mes projets de transmission autour de l\u2019histoire familiale.<\/p>\n\n\n\n<h2 class=\"wp-block-heading\">Une conf\u00e9rence qui captive le public<\/h2>\n\n\n\n<p>Le T\u00e9l\u00e9gramme \u2013 Lannion, 26 octobre 2025 (article r\u00e9serv\u00e9 aux abonn\u00e9s)<\/p>\n\n\n\n<figure class=\"wp-block-image size-full\"><img loading=\"lazy\" decoding=\"async\" width=\"591\" height=\"533\" src=\"https:\/\/hdnfamillesgenealogie.fr\/wp-content\/uploads\/2025\/12\/conference-trebeurden-genealogie.jpg\" alt=\"Conf\u00e9rence de Laurence Porte-Marzin au S\u00e9maphore de Tr\u00e9beurden\" class=\"wp-image-3773\" srcset=\"https:\/\/hdnfamillesgenealogie.fr\/wp-content\/uploads\/2025\/12\/conference-trebeurden-genealogie.jpg 591w, https:\/\/hdnfamillesgenealogie.fr\/wp-content\/uploads\/2025\/12\/conference-trebeurden-genealogie-300x271.jpg 300w\" sizes=\"auto, (max-width: 591px) 100vw, 591px\" \/><figcaption class=\"wp-element-caption\">Conf\u00e9rence de Laurence Porte-Marzin au S\u00e9maphore de Tr\u00e9beurden.<\/figcaption><\/figure>\n\n\n\n<p>Retour sur ma conf\u00e9rence consacr\u00e9e \u00e0 Pierre Marzin, salu\u00e9e pour la qualit\u00e9 du r\u00e9cit historique et l\u2019int\u00e9r\u00eat qu\u2019elle a suscit\u00e9 aupr\u00e8s d\u2019un public nombreux.<\/p>\n\n\n\n<p><a href=\"URL-ARTICLE-TELEGRAMME\" target=\"_blank\" rel=\"noreferrer noopener\">Lire l\u2019article sur le site du T\u00e9l\u00e9gramme<\/a><\/p>\n\n\n\n<h2 class=\"wp-block-heading\">La g\u00e9n\u00e9alogie accessible \u00e0 tous<\/h2>\n\n\n\n<p>Le T\u00e9l\u00e9gramme \u2013 Ouest Cornouaille, 6 f\u00e9vrier 2025<\/p>\n\n\n\n<figure class=\"wp-block-image size-full\"><img loading=\"lazy\" decoding=\"async\" width=\"671\" height=\"580\" src=\"https:\/\/hdnfamillesgenealogie.fr\/wp-content\/uploads\/2025\/12\/laurence-porte-marzin-presse-locale-2.jpg\" alt=\"article du T\u00e9l\u00e9gramme pr\u00e9sentant Laurence Porte-Marzin et son activit\u00e9 de g\u00e9n\u00e9alogiste\" class=\"wp-image-3783\" srcset=\"https:\/\/hdnfamillesgenealogie.fr\/wp-content\/uploads\/2025\/12\/laurence-porte-marzin-presse-locale-2.jpg 671w, https:\/\/hdnfamillesgenealogie.fr\/wp-content\/uploads\/2025\/12\/laurence-porte-marzin-presse-locale-2-300x259.jpg 300w\" sizes=\"auto, (max-width: 671px) 100vw, 671px\" \/><figcaption class=\"wp-element-caption\">Portrait de Laurence Porte-Marzin dans Le T\u00e9l\u00e9gramme.<\/figcaption><\/figure>\n\n\n\n<p>Portrait de mon parcours et de la cr\u00e9ation d\u2019HDN\u202fFamilles, avec un focus sur mes recherches, mes cr\u00e9ations personnalis\u00e9es et mes projets, dont <em>Les J\u00e9z\u00e9quelou de Combrit<\/em>.<\/p>\n\n\n\n<p><\/p>\n","protected":false},"excerpt":{"rendered":"<p>Retours de la presse locale et r\u00e9gionale sur mes activit\u00e9s de g\u00e9n\u00e9alogiste, mes conf\u00e9rences et mes projets de transmission autour de l\u2019histoire familiale. Une conf\u00e9rence qui captive le public Le T\u00e9l\u00e9gramme \u2013 Lannion, 26 octobre 2025 (article r\u00e9serv\u00e9 aux abonn\u00e9s) Retour sur ma conf\u00e9rence consacr\u00e9e \u00e0 Pierre Marzin, salu\u00e9e pour la qualit\u00e9 du r\u00e9cit historique&hellip; <a class=\"more-link\" href=\"https:\/\/hdnfamillesgenealogie.fr\/index.php\/vu-dans-la-presse\/\">Poursuivre la lecture <span class=\"screen-reader-text\">Vu dans la presse<\/span><\/a><\/p>\n","protected":false},"author":1,"featured_media":0,"parent":0,"menu_order":0,"comment_status":"closed","ping_status":"closed","template":"","meta":{"advanced_seo_description":"","jetpack_seo_html_title":"","jetpack_seo_noindex":false,"jetpack_post_was_ever_published":false,"footnotes":""},"class_list":["post-3779","page","type-page","status-publish","hentry","entry"],"jetpack_sharing_enabled":true,"_links":{"self":[{"href":"https:\/\/hdnfamillesgenealogie.fr\/index.php\/wp-json\/wp\/v2\/pages\/3779","targetHints":{"allow":["GET"]}}],"collection":[{"href":"https:\/\/hdnfamillesgenealogie.fr\/index.php\/wp-json\/wp\/v2\/pages"}],"about":[{"href":"https:\/\/hdnfamillesgenealogie.fr\/index.php\/wp-json\/wp\/v2\/types\/page"}],"author":[{"embeddable":true,"href":"https:\/\/hdnfamillesgenealogie.fr\/index.php\/wp-json\/wp\/v2\/users\/1"}],"replies":[{"embeddable":true,"href":"https:\/\/hdnfamillesgenealogie.fr\/index.php\/wp-json\/wp\/v2\/comments?post=3779"}],"version-history":[{"count":3,"href":"https:\/\/hdnfamillesgenealogie.fr\/index.php\/wp-json\/wp\/v2\/pages\/3779\/revisions"}],"predecessor-version":[{"id":3784,"href":"https:\/\/hdnfamillesgenealogie.fr\/index.php\/wp-json\/wp\/v2\/pages\/3779\/revisions\/3784"}],"wp:attachment":[{"href":"https:\/\/hdnfamillesgenealogie.fr\/index.php\/wp-json\/wp\/v2\/media?parent=3779"}],"curies":[{"name":"wp","href":"https:\/\/api.w.org\/{rel}","templated":true}]}}